[INFO] fetching crate winfu 0.3.2...
[INFO] checking winfu-0.3.2 against master#9610dfe5a9a731ced1ea4923ecbd0c57fe367898 for beta-170-4
[INFO] extracting crate winfu 0.3.2 into /workspace/builds/worker-1-tc1/source
[INFO] validating manifest of crates.io crate winfu 0.3.2 on toolchain 9610dfe5a9a731ced1ea4923ecbd0c57fe367898
[INFO] running `Command { std: CARGO_HOME="/workspace/cargo-home" RUSTUP_HOME="/workspace/rustup-home" "/workspace/cargo-home/bin/cargo" "+9610dfe5a9a731ced1ea4923ecbd0c57fe367898" "metadata" "--manifest-path" "Cargo.toml" "--no-deps", kill_on_drop: false }`
[INFO] started tweaking crates.io crate winfu 0.3.2
[INFO] finished tweaking crates.io crate winfu 0.3.2
[INFO] tweaked toml for crates.io crate winfu 0.3.2 written to /workspace/builds/worker-1-tc1/source/Cargo.toml
[INFO] crate crates.io crate winfu 0.3.2 already has a lockfile, it will not be regenerated
[INFO] running `Command { std: CARGO_HOME="/workspace/cargo-home" RUSTUP_HOME="/workspace/rustup-home" "/workspace/cargo-home/bin/cargo" "+9610dfe5a9a731ced1ea4923ecbd0c57fe367898" "fetch" "--manifest-path" "Cargo.toml", kill_on_drop: false }`
[INFO] [stderr]     Updating crates.io index
[INFO] [stderr]  Downloading crates ...
[INFO] [stderr]   Downloaded grep-cli v0.1.7
[INFO] [stderr]   Downloaded configparser v1.0.0
[INFO] [stderr]   Downloaded bugreport v0.5.0
[INFO] [stderr]   Downloaded ini v1.3.0
[INFO] [stderr]   Downloaded bytesize v1.2.0
[INFO] [stderr]   Downloaded bat v0.23.0
[INFO] running `Command { std: "docker" "create" "-v" "/var/lib/crater-agent-workspace/builds/worker-1-tc1/target:/opt/rustwide/target:rw,Z" "-v" "/var/lib/crater-agent-workspace/builds/worker-1-tc1/source:/opt/rustwide/workdir:ro,Z" "-v" "/var/lib/crater-agent-workspace/cargo-home:/opt/rustwide/cargo-home:ro,Z" "-v" "/var/lib/crater-agent-workspace/rustup-home:/opt/rustwide/rustup-home:ro,Z" "-e" "SOURCE_DIR=/opt/rustwide/workdir" "-e" "CARGO_TARGET_DIR=/opt/rustwide/target" "-e" "CARGO_HOME=/opt/rustwide/cargo-home" "-e" "RUSTUP_HOME=/opt/rustwide/rustup-home" "-w" "/opt/rustwide/workdir" "-m" "1610612736" "--user" "0:0" "--network" "none" "ghcr.io/rust-lang/crates-build-env/linux@sha256:19e73879b68f455e41552ea35293514db52ea292d993f571636dbffedb77a1ee" "/opt/rustwide/cargo-home/bin/cargo" "+9610dfe5a9a731ced1ea4923ecbd0c57fe367898" "metadata" "--no-deps" "--format-version=1", kill_on_drop: false }`
[INFO] [stdout] bcf6d84497eff3e5f3c1002e7e418e7724c9c7ea39d33b01aa756f06504d1395
[INFO] running `Command { std: "docker" "start" "-a" "bcf6d84497eff3e5f3c1002e7e418e7724c9c7ea39d33b01aa756f06504d1395", kill_on_drop: false }`
[INFO] running `Command { std: "docker" "inspect" "bcf6d84497eff3e5f3c1002e7e418e7724c9c7ea39d33b01aa756f06504d1395", kill_on_drop: false }`
[INFO] running `Command { std: "docker" "rm" "-f" "bcf6d84497eff3e5f3c1002e7e418e7724c9c7ea39d33b01aa756f06504d1395", kill_on_drop: false }`
[INFO] [stdout] bcf6d84497eff3e5f3c1002e7e418e7724c9c7ea39d33b01aa756f06504d1395
[INFO] running `Command { std: "docker" "create" "-v" "/var/lib/crater-agent-workspace/builds/worker-1-tc1/target:/opt/rustwide/target:rw,Z" "-v" "/var/lib/crater-agent-workspace/builds/worker-1-tc1/source:/opt/rustwide/workdir:ro,Z" "-v" "/var/lib/crater-agent-workspace/cargo-home:/opt/rustwide/cargo-home:ro,Z" "-v" "/var/lib/crater-agent-workspace/rustup-home:/opt/rustwide/rustup-home:ro,Z" "-e" "SOURCE_DIR=/opt/rustwide/workdir" "-e" "CARGO_TARGET_DIR=/opt/rustwide/target" "-e" "CARGO_INCREMENTAL=0" "-e" "RUST_BACKTRACE=full" "-e" "RUSTFLAGS=--cap-lints=forbid" "-e" "RUSTDOCFLAGS=--cap-lints=forbid" "-e" "CARGO_HOME=/opt/rustwide/cargo-home" "-e" "RUSTUP_HOME=/opt/rustwide/rustup-home" "-w" "/opt/rustwide/workdir" "-m" "1610612736" "--user" "0:0" "--network" "none" "ghcr.io/rust-lang/crates-build-env/linux@sha256:19e73879b68f455e41552ea35293514db52ea292d993f571636dbffedb77a1ee" "/opt/rustwide/cargo-home/bin/cargo" "+9610dfe5a9a731ced1ea4923ecbd0c57fe367898" "check" "--frozen" "--all" "--all-targets" "--message-format=json", kill_on_drop: false }`
[INFO] [stdout] 567a53c55676ca0aeee53e5e16e7ef178c25efbf9bc7bd75fefa30946f33c133
[INFO] running `Command { std: "docker" "start" "-a" "567a53c55676ca0aeee53e5e16e7ef178c25efbf9bc7bd75fefa30946f33c133", kill_on_drop: false }`
[INFO] [stderr]    Compiling libc v0.2.144
[INFO] [stderr]    Compiling proc-macro2 v1.0.58
[INFO] [stderr]    Compiling unicode-ident v1.0.8
[INFO] [stderr]    Compiling quote v1.0.27
[INFO] [stderr]    Compiling io-lifetimes v1.0.10
[INFO] [stderr]    Compiling rustix v0.37.19
[INFO] [stderr]    Compiling pkg-config v0.3.27
[INFO] [stderr]    Compiling linux-raw-sys v0.3.7
[INFO] [stderr]    Compiling bitflags v1.3.2
[INFO] [stderr]    Compiling utf8parse v0.2.1
[INFO] [stderr]     Checking encoding_index_tests v0.1.4
[INFO] [stderr]    Compiling indexmap v1.9.3
[INFO] [stderr]    Compiling anstyle-parse v0.2.0
[INFO] [stderr]    Compiling anstyle-query v1.0.0
[INFO] [stderr]    Compiling proc-macro-hack v0.5.20+deprecated
[INFO] [stderr]    Compiling anstyle v1.0.0
[INFO] [stderr]    Compiling colorchoice v1.0.0
[INFO] [stderr]    Compiling log v0.4.17
[INFO] [stderr]    Compiling syn v1.0.109
[INFO] [stderr]    Compiling clap_lex v0.4.1
[INFO] [stderr]    Compiling syn v2.0.16
[INFO] [stderr]     Checking aho-corasick v1.0.1
[INFO] [stderr]     Checking linked-hash-map v0.5.6
[INFO] [stderr]     Checking regex-automata v0.1.10
[INFO] [stderr]     Checking safemem v0.3.3
[INFO] [stderr]     Checking regex-syntax v0.7.1
[INFO] [stderr]    Compiling serde_json v1.0.96
[INFO] [stderr]    Compiling jobserver v0.1.26
[INFO] [stderr]     Checking unicode-bidi v0.3.13
[INFO] [stderr]    Compiling cc v1.0.79
[INFO] [stderr]     Checking time-core v0.1.1
[INFO] [stderr]     Checking idna v0.3.0
[INFO] [stderr]     Checking time v0.3.21
[INFO] [stderr]     Checking line-wrap v0.1.1
[INFO] [stderr]     Checking is-terminal v0.4.7
[INFO] [stderr]     Checking terminal_size v0.2.6
[INFO] [stderr]     Checking anstream v0.3.2
[INFO] [stderr]     Checking bstr v1.4.0
[INFO] [stderr]     Checking yaml-rust v0.4.5
[INFO] [stderr]     Checking regex v1.8.1
[INFO] [stderr]     Checking miniz_oxide v0.7.1
[INFO] [stderr]     Checking quick-xml v0.28.2
[INFO] [stderr]    Compiling libz-sys v1.1.9
[INFO] [stderr]    Compiling onig_sys v69.8.1
[INFO] [stderr]    Compiling sys-info v0.9.1
[INFO] [stderr]    Compiling libgit2-sys v0.14.2+1.5.1
[INFO] [stderr]    Compiling clap_builder v4.2.7
[INFO] [stderr]     Checking bytemuck v1.13.1
[INFO] [stderr]     Checking option-ext v0.2.0
[INFO] [stderr]    Compiling bugreport v0.5.0
[INFO] [stderr]     Checking base64 v0.21.0
[INFO] [stderr]    Compiling semver v1.0.17
[INFO] [stderr]     Checking rgb v0.8.36
[INFO] [stderr]     Checking globset v0.4.10
[INFO] [stderr]    Compiling serde_derive v1.0.163
[INFO] [stderr]    Compiling git-version-macro v0.3.5
[INFO] [stderr]    Compiling thiserror-impl v1.0.40
[INFO] [stderr]     Checking dirs-sys v0.4.1
[INFO] [stderr]     Checking flate2 v1.0.26
[INFO] [stderr]     Checking url v2.3.1
[INFO] [stderr]     Checking num_cpus v1.15.0
[INFO] [stderr]     Checking atty v0.2.14
[INFO] [stderr]     Checking iovec v0.1.4
[INFO] [stderr]     Checking walkdir v2.3.3
[INFO] [stderr]     Checking encoding-index-korean v1.20141219.5
[INFO] [stderr]     Checking encoding-index-japanese v1.20141219.5
[INFO] [stderr]     Checking encoding-index-tradchinese v1.20141219.5
[INFO] [stderr]     Checking git-version v0.3.5
[INFO] [stderr]     Checking encoding-index-singlebyte v1.20141219.5
[INFO] [stderr]     Checking encoding-index-simpchinese v1.20141219.5
[INFO] [stderr]     Checking regex-syntax v0.6.29
[INFO] [stderr]     Checking shell-escape v0.1.5
[INFO] [stderr]     Checking futures v0.1.31
[INFO] [stderr]     Checking std_prelude v0.2.12
[INFO] [stderr]     Checking path_abs v0.5.1
[INFO] [stderr]     Checking encoding v0.2.33
[INFO] [stderr]     Checking bytes v0.4.12
[INFO] [stderr]     Checking grep-cli v0.1.7
[INFO] [stderr]     Checking console v0.15.5
[INFO] [stderr]     Checking dirs v5.0.1
[INFO] [stderr]     Checking thiserror v1.0.40
[INFO] [stderr]     Checking clap v4.2.7
[INFO] [stderr]     Checking ansi_colours v1.2.1
[INFO] [stderr]     Checking content_inspector v0.2.4
[INFO] [stderr]     Checking configparser v1.0.0
[INFO] [stderr]     Checking shell-words v1.1.0
[INFO] [stderr]     Checking nu-ansi-term v0.47.0
[INFO] [stderr]     Checking wild v2.1.0
[INFO] [stderr]     Checking bytesize v1.2.0
[INFO] [stderr]     Checking clipboard-win v4.5.0
[INFO] [stderr]     Checking ini v1.3.0
[INFO] [stderr]     Checking ansi_term v0.12.1
[INFO] [stderr]     Checking futures-cpupool v0.1.8
[INFO] [stderr]     Checking fs v0.0.5
[INFO] [stderr]    Compiling bat v0.23.0
[INFO] [stderr]     Checking serde v1.0.163
[INFO] [stderr]     Checking onig v6.4.0
[INFO] [stderr]     Checking plist v1.4.3
[INFO] [stderr]     Checking bincode v1.3.3
[INFO] [stderr]     Checking serde_yaml v0.8.26
[INFO] [stderr]     Checking clircle v0.3.0
[INFO] [stderr]     Checking syntect v5.0.0
[INFO] [stderr]     Checking git2 v0.16.1
[INFO] [stderr]     Checking winfu v0.3.2 (/opt/rustwide/workdir)
[INFO] [stdout] error[E0432]: unresolved import `clipboard_win::formats`
[INFO] [stdout]  --> src/main.rs:1:21
[INFO] [stdout]   |
[INFO] [stdout] 1 | use clipboard_win::{formats};
[INFO] [stdout]   |                     ^^^^^^^ no `formats` in the root
[INFO] [stdout] 
[INFO] [stdout] 
[INFO] [stdout] error[E0432]: unresolved import `clipboard_win::formats`
[INFO] [stdout]  --> src/main.rs:1:21
[INFO] [stdout]   |
[INFO] [stdout] 1 | use clipboard_win::{formats};
[INFO] [stdout]   |                     ^^^^^^^ no `formats` in the root
[INFO] [stdout] 
[INFO] [stdout] 
[INFO] [stdout] error[E0425]: cannot find function `get_clipboard` in crate `clipboard_win`
[INFO] [stdout]    --> src/main.rs:109:64
[INFO] [stdout]     |
[INFO] [stdout] 109 |                 let clipboard_content: String = clipboard_win::get_clipboard(formats::Unicode).expect("ERROR");
[INFO] [stdout]     |                                                                ^^^^^^^^^^^^^ not found in `clipboard_win`
[INFO] [stdout] 
[INFO] [stdout] 
[INFO] [stdout] error[E0425]: cannot find function `get_clipboard` in crate `clipboard_win`
[INFO] [stdout]    --> src/main.rs:109:64
[INFO] [stdout]     |
[INFO] [stdout] 109 |                 let clipboard_content: String = clipboard_win::get_clipboard(formats::Unicode).expect("ERROR");
[INFO] [stdout]     |                                                                ^^^^^^^^^^^^^ not found in `clipboard_win`
[INFO] [stdout] 
[INFO] [stdout] 
[INFO] [stdout] error: aborting due to 2 previous errors
[INFO] [stdout] 
[INFO] [stdout] 
[INFO] [stdout] Some errors have detailed explanations: E0425, E0432.
[INFO] [stdout] 
[INFO] [stdout] For more information about an error, try `rustc --explain E0425`.
[INFO] [stdout] 
[INFO] [stdout] error: aborting due to 2 previous errors
[INFO] [stdout] 
[INFO] [stdout] 
[INFO] [stdout] Some errors have detailed explanations: E0425, E0432.
[INFO] [stdout] 
[INFO] [stdout] For more information about an error, try `rustc --explain E0425`.
[INFO] [stdout] 
[INFO] [stderr] error: could not compile `winfu` (bin "winfu" test) due to 3 previous errors
[INFO] [stderr] warning: build failed, waiting for other jobs to finish...
[INFO] [stderr] error: could not compile `winfu` (bin "winfu") due to 3 previous errors
[INFO] running `Command { std: "docker" "inspect" "567a53c55676ca0aeee53e5e16e7ef178c25efbf9bc7bd75fefa30946f33c133", kill_on_drop: false }`
[INFO] running `Command { std: "docker" "rm" "-f" "567a53c55676ca0aeee53e5e16e7ef178c25efbf9bc7bd75fefa30946f33c133", kill_on_drop: false }`
[INFO] [stdout] 567a53c55676ca0aeee53e5e16e7ef178c25efbf9bc7bd75fefa30946f33c133
